{"id":5649,"date":"2020-07-21T09:30:15","date_gmt":"2020-07-21T09:30:15","guid":{"rendered":"http:\/\/desarrollo.vila.es\/?page_id=5649"},"modified":"2020-10-16T05:44:02","modified_gmt":"2020-10-16T05:44:02","slug":"geistiges-und-gewerbliches-eigentum","status":"publish","type":"page","link":"https:\/\/vila.es\/de\/beratungsfelder\/geistiges-und-gewerbliches-eigentum\/","title":{"rendered":"Geistiges und gewerbliches eigentum"},"content":{"rendered":"<div class=\"fusion-fullwidth fullwidth-box fusion-builder-row-1 fusion-flex-container fusion-parallax-fixed nonhundred-percent-fullwidth non-hundred-percent-height-scrolling\" style=\"--awb-background-position:left center;--awb-border-radius-top-left:0px;--awb-border-radius-top-right:0px;--awb-border-radius-bottom-right:0px;--awb-border-radius-bottom-left:0px;--awb-padding-top:20px;--awb-padding-bottom:0px;--awb-margin-top:0px;--awb-margin-bottom:0px;--awb-background-image:url(&quot;https:\/\/vila.es\/wp-content\/uploads\/2020\/07\/propiedad-intelectual.jpg&quot;);--awb-background-size:cover;--awb-flex-wrap:wrap;background-attachment:fixed;\" ><div class=\"fusion-builder-row fusion-row fusion-flex-align-items-flex-start fusion-flex-content-wrap\" style=\"max-width:1476.8px;margin-left: calc(-4% \/ 2 );margin-right: calc(-4% \/ 2 );\"><div class=\"fusion-layout-column fusion_builder_column fusion-builder-column-0 fusion_builder_column_1_2 1_2 fusion-flex-column\" style=\"--awb-padding-top:0px;--awb-padding-bottom:0px;--awb-bg-size:cover;--awb-width-large:50%;--awb-margin-top-large:0px;--awb-spacing-right-large:3.84%;--awb-margin-bottom-large:0px;--awb-spacing-left-large:3.84%;--awb-width-medium:50%;--awb-spacing-right-medium:3.84%;--awb-spacing-left-medium:3.84%;--awb-width-small:100%;--awb-spacing-right-small:1.92%;--awb-spacing-left-small:1.92%;\"><div class=\"fusion-column-wrapper fusion-column-has-shadow fusion-flex-justify-content-flex-start fusion-content-layout-column\"><div class=\"fusion-text fusion-text-1\"><h1>GEISTIGES UND GEWERBLICHES EIGENTUM. KNOW-HOW.<\/h1>\n<\/div><div class=\"fusion-text fusion-text-2 text\"><p><span class=\"first-big\">M<\/span>arken sind nicht nur ein gewerblicher Rechtsschutz, um Produkte und Dienstleistungen zu kennzeichnen; sie bieten auch viele M\u00f6glichkeiten, auf kreative Weise Eink\u00fcnfte zu erzielen, und vor allem verleihen sie den Produkten, Dienstleistungen und Unternehmen zus\u00e4tzlichen Wert. Es ist nicht ungew\u00f6hnlich, dass der Wert eines Unternehmens nicht das Produkt oder die Dienstleistung selbst ist, sondern die Marke, die es auszeichnet. Unsere Kanzlei richtet besonderes Augenmerk auf die Konzeption von Markenstrategien und auf den Schutz des gewerblichen Eigentums, einschlie\u00dflich der Beratung bei der Verhandlung und Ausarbeitung von Vertr\u00e4gen im Hinblick auf Marken, Patente, Technologietransfer, Know-how, Softwareentwicklung, E-Commerce, Merchandising, Verwertung von Urheberrechten und Sponsoring.<\/p>\n<p>Von B\u00fcchern bis hin zu elektronischen Spielen stellen geistige Sch\u00f6pfungen den ultimativen Ausdruck der menschlichen Schaffenskraft dar. Sie sind ein sehr starkes immaterielles, aber zugleich auch zerbrechliches Gut aufgrund der Leichtigkeit, mit der Dritte eine Idee kopieren oder sich auf subtile und ungerechte Weise diese aneignen k\u00f6nnen. Deshalb erfordern geistige Sch\u00f6pfungen Schutz \u2013 sogar vor ihrer Entstehung \u2013, und gleichzeitig, geeignete rechtliche Strukturen zur deren Verwaltung zu schaffen, um einen wirtschaftlichen Ertrag zu erzielen.<\/p>\n<p>Auch das Know-how und Betriebsgeheimnisse stellen immaterielle Verm\u00f6genswerte dar, \u00fcber die Unternehmen h\u00e4ufig verf\u00fcgen. Obwohl diese oft ihre wichtigsten Werte sind, lassen sie sich nicht immer durch ein Patent, Gebrauchsmuster oder sonstiges Schutzrecht sch\u00fctzen. Aufgrund ihrer Bedeutung k\u00f6nnen Know-how und Betriebsgeheimnisse Gegenstand von Lizenzen oder anderen wirtschaftlichen Transaktionen sein und sind daher entsprechend zu sch\u00fctzen.<\/p>\n<\/div><\/div><\/div><div class=\"fusion-layout-column fusion_builder_column fusion-builder-column-1 fusion_builder_column_1_2 1_2 fusion-flex-column\" style=\"--awb-padding-top:0px;--awb-padding-bottom:0px;--awb-bg-size:cover;--awb-width-large:50%;--awb-margin-top-large:0px;--awb-spacing-right-large:3.84%;--awb-margin-bottom-large:0px;--awb-spacing-left-large:3.84%;--awb-width-medium:50%;--awb-spacing-right-medium:3.84%;--awb-spacing-left-medium:3.84%;--awb-width-small:100%;--awb-spacing-right-small:1.92%;--awb-spacing-left-small:1.92%;\"><div class=\"fusion-column-wrapper fusion-column-has-shadow fusion-flex-justify-content-flex-start fusion-content-layout-column\"><\/div><\/div><\/div><\/div>\n","protected":false},"excerpt":{"rendered":"","protected":false},"author":1,"featured_media":0,"parent":6133,"menu_order":0,"comment_status":"closed","ping_status":"closed","template":"100-width.php","meta":{"footnotes":""},"class_list":["post-5649","page","type-page","status-publish","hentry"],"yoast_head":"<!-- This site is optimized with the Yoast SEO plugin v27.1.1 - https:\/\/yoast.com\/product\/yoast-seo-wordpress\/ -->\n<title>Geistiges Eigentum - Vil\u00e1 Abogados<\/title>\n<meta name=\"description\" content=\"Markenstrategien, Rechtemanagement, Merchandising und Lizenzierung, die auf kreative Weise sch\u00fctzen, Mehrwert schaffen und Einnahmen generieren.\" \/>\n<meta name=\"robots\" content=\"index, follow, max-snippet:-1, max-image-preview:large, max-video-preview:-1\" \/>\n<link rel=\"canonical\" href=\"https:\/\/vila.es\/de\/beratungsfelder\/geistiges-und-gewerbliches-eigentum\/\" \/>\n<meta property=\"og:locale\" content=\"de_DE\" \/>\n<meta property=\"og:type\" content=\"article\" \/>\n<meta property=\"og:title\" content=\"Geistiges Eigentum - Vil\u00e1 Abogados\" \/>\n<meta property=\"og:description\" content=\"Markenstrategien, Rechtemanagement, Merchandising und Lizenzierung, die auf kreative Weise sch\u00fctzen, Mehrwert schaffen und Einnahmen generieren.\" \/>\n<meta property=\"og:url\" content=\"https:\/\/vila.es\/de\/beratungsfelder\/geistiges-und-gewerbliches-eigentum\/\" \/>\n<meta property=\"og:site_name\" content=\"Vil\u00e1 Abogados\" \/>\n<meta property=\"article:modified_time\" content=\"2020-10-16T05:44:02+00:00\" \/>\n<meta name=\"twitter:card\" content=\"summary_large_image\" \/>\n<meta name=\"twitter:label1\" content=\"Gesch\u00e4tzte Lesezeit\" \/>\n\t<meta name=\"twitter:data1\" content=\"5\u00a0Minuten\" \/>\n<script type=\"application\/ld+json\" class=\"yoast-schema-graph\">{\"@context\":\"https:\/\/schema.org\",\"@graph\":[{\"@type\":\"WebPage\",\"@id\":\"https:\/\/vila.es\/de\/beratungsfelder\/geistiges-und-gewerbliches-eigentum\/\",\"url\":\"https:\/\/vila.es\/de\/beratungsfelder\/geistiges-und-gewerbliches-eigentum\/\",\"name\":\"Geistiges Eigentum - Vil\u00e1 Abogados\",\"isPartOf\":{\"@id\":\"https:\/\/vila.es\/en\/#website\"},\"datePublished\":\"2020-07-21T09:30:15+00:00\",\"dateModified\":\"2020-10-16T05:44:02+00:00\",\"description\":\"Markenstrategien, Rechtemanagement, Merchandising und Lizenzierung, die auf kreative Weise sch\u00fctzen, Mehrwert schaffen und Einnahmen generieren.\",\"breadcrumb\":{\"@id\":\"https:\/\/vila.es\/de\/beratungsfelder\/geistiges-und-gewerbliches-eigentum\/#breadcrumb\"},\"inLanguage\":\"de\",\"potentialAction\":[{\"@type\":\"ReadAction\",\"target\":[\"https:\/\/vila.es\/de\/beratungsfelder\/geistiges-und-gewerbliches-eigentum\/\"]}]},{\"@type\":\"BreadcrumbList\",\"@id\":\"https:\/\/vila.es\/de\/beratungsfelder\/geistiges-und-gewerbliches-eigentum\/#breadcrumb\",\"itemListElement\":[{\"@type\":\"ListItem\",\"position\":1,\"name\":\"Portada\",\"item\":\"https:\/\/vila.es\/de\/\"},{\"@type\":\"ListItem\",\"position\":2,\"name\":\"Beratungsfelder\",\"item\":\"https:\/\/vila.es\/de\/beratungsfelder\/\"},{\"@type\":\"ListItem\",\"position\":3,\"name\":\"Geistiges und gewerbliches eigentum\"}]},{\"@type\":\"WebSite\",\"@id\":\"https:\/\/vila.es\/en\/#website\",\"url\":\"https:\/\/vila.es\/en\/\",\"name\":\"Vil\u00e1 Abogados\",\"description\":\"Damos soporte jur\u00eddico a proyectos e iniciativas de negocio de empresas y de emprendedores extranjeros y nacionales\",\"potentialAction\":[{\"@type\":\"SearchAction\",\"target\":{\"@type\":\"EntryPoint\",\"urlTemplate\":\"https:\/\/vila.es\/en\/?s={search_term_string}\"},\"query-input\":{\"@type\":\"PropertyValueSpecification\",\"valueRequired\":true,\"valueName\":\"search_term_string\"}}],\"inLanguage\":\"de\"}]}<\/script>\n<!-- \/ Yoast SEO plugin. -->","yoast_head_json":{"title":"Geistiges Eigentum - Vil\u00e1 Abogados","description":"Markenstrategien, Rechtemanagement, Merchandising und Lizenzierung, die auf kreative Weise sch\u00fctzen, Mehrwert schaffen und Einnahmen generieren.","robots":{"index":"index","follow":"follow","max-snippet":"max-snippet:-1","max-image-preview":"max-image-preview:large","max-video-preview":"max-video-preview:-1"},"canonical":"https:\/\/vila.es\/de\/beratungsfelder\/geistiges-und-gewerbliches-eigentum\/","og_locale":"de_DE","og_type":"article","og_title":"Geistiges Eigentum - Vil\u00e1 Abogados","og_description":"Markenstrategien, Rechtemanagement, Merchandising und Lizenzierung, die auf kreative Weise sch\u00fctzen, Mehrwert schaffen und Einnahmen generieren.","og_url":"https:\/\/vila.es\/de\/beratungsfelder\/geistiges-und-gewerbliches-eigentum\/","og_site_name":"Vil\u00e1 Abogados","article_modified_time":"2020-10-16T05:44:02+00:00","twitter_card":"summary_large_image","twitter_misc":{"Gesch\u00e4tzte Lesezeit":"5\u00a0Minuten"},"schema":{"@context":"https:\/\/schema.org","@graph":[{"@type":"WebPage","@id":"https:\/\/vila.es\/de\/beratungsfelder\/geistiges-und-gewerbliches-eigentum\/","url":"https:\/\/vila.es\/de\/beratungsfelder\/geistiges-und-gewerbliches-eigentum\/","name":"Geistiges Eigentum - Vil\u00e1 Abogados","isPartOf":{"@id":"https:\/\/vila.es\/en\/#website"},"datePublished":"2020-07-21T09:30:15+00:00","dateModified":"2020-10-16T05:44:02+00:00","description":"Markenstrategien, Rechtemanagement, Merchandising und Lizenzierung, die auf kreative Weise sch\u00fctzen, Mehrwert schaffen und Einnahmen generieren.","breadcrumb":{"@id":"https:\/\/vila.es\/de\/beratungsfelder\/geistiges-und-gewerbliches-eigentum\/#breadcrumb"},"inLanguage":"de","potentialAction":[{"@type":"ReadAction","target":["https:\/\/vila.es\/de\/beratungsfelder\/geistiges-und-gewerbliches-eigentum\/"]}]},{"@type":"BreadcrumbList","@id":"https:\/\/vila.es\/de\/beratungsfelder\/geistiges-und-gewerbliches-eigentum\/#breadcrumb","itemListElement":[{"@type":"ListItem","position":1,"name":"Portada","item":"https:\/\/vila.es\/de\/"},{"@type":"ListItem","position":2,"name":"Beratungsfelder","item":"https:\/\/vila.es\/de\/beratungsfelder\/"},{"@type":"ListItem","position":3,"name":"Geistiges und gewerbliches eigentum"}]},{"@type":"WebSite","@id":"https:\/\/vila.es\/en\/#website","url":"https:\/\/vila.es\/en\/","name":"Vil\u00e1 Abogados","description":"Damos soporte jur\u00eddico a proyectos e iniciativas de negocio de empresas y de emprendedores extranjeros y nacionales","potentialAction":[{"@type":"SearchAction","target":{"@type":"EntryPoint","urlTemplate":"https:\/\/vila.es\/en\/?s={search_term_string}"},"query-input":{"@type":"PropertyValueSpecification","valueRequired":true,"valueName":"search_term_string"}}],"inLanguage":"de"}]}},"_links":{"self":[{"href":"https:\/\/vila.es\/de\/wp-json\/wp\/v2\/pages\/5649","targetHints":{"allow":["GET"]}}],"collection":[{"href":"https:\/\/vila.es\/de\/wp-json\/wp\/v2\/pages"}],"about":[{"href":"https:\/\/vila.es\/de\/wp-json\/wp\/v2\/types\/page"}],"author":[{"embeddable":true,"href":"https:\/\/vila.es\/de\/wp-json\/wp\/v2\/users\/1"}],"replies":[{"embeddable":true,"href":"https:\/\/vila.es\/de\/wp-json\/wp\/v2\/comments?post=5649"}],"version-history":[{"count":4,"href":"https:\/\/vila.es\/de\/wp-json\/wp\/v2\/pages\/5649\/revisions"}],"predecessor-version":[{"id":7757,"href":"https:\/\/vila.es\/de\/wp-json\/wp\/v2\/pages\/5649\/revisions\/7757"}],"up":[{"embeddable":true,"href":"https:\/\/vila.es\/de\/wp-json\/wp\/v2\/pages\/6133"}],"wp:attachment":[{"href":"https:\/\/vila.es\/de\/wp-json\/wp\/v2\/media?parent=5649"}],"curies":[{"name":"wp","href":"https:\/\/api.w.org\/{rel}","templated":true}]}}

<div class="fusion-fullwidth fullwidth-box fusion-builder-row-1 fusion-flex-container fusion-parallax-fixed nonhundred-percent-fullwidth non-hundred-percent-height-scrolling" style="--awb-background-position:left center;--awb-border-radius-top-left:0px;--awb-border-radius-top-right:0px;--awb-border-radius-bottom-right:0px;--awb-border-radius-bottom-left:0px;--awb-padding-top:20px;--awb-padding-bottom:0px;--awb-margin-top:0px;--awb-margin-bottom:0px;--awb-background-image:url(&quot;https://vila.es/wp-content/uploads/2020/07/propiedad-intelectual.jpg&quot;);--awb-background-size:cover;--awb-flex-wrap:wrap;background-attachment:fixed;" ><div class="fusion-builder-row fusion-row fusion-flex-align-items-flex-start fusion-flex-content-wrap" style="max-width:1476.8px;margin-left: calc(-4% / 2 );margin-right: calc(-4% / 2 );"><div class="fusion-layout-column fusion_builder_column fusion-builder-column-0 fusion_builder_column_1_2 1_2 fusion-flex-column" style="--awb-padding-top:0px;--awb-padding-bottom:0px;--awb-bg-size:cover;--awb-width-large:50%;--awb-margin-top-large:0px;--awb-spacing-right-large:3.84%;--awb-margin-bottom-large:0px;--awb-spacing-left-large:3.84%;--awb-width-medium:50%;--awb-spacing-right-medium:3.84%;--awb-spacing-left-medium:3.84%;--awb-width-small:100%;--awb-spacing-right-small:1.92%;--awb-spacing-left-small:1.92%;"><div class="fusion-column-wrapper fusion-column-has-shadow fusion-flex-justify-content-flex-start fusion-content-layout-column"><div class="fusion-text fusion-text-1"><h1>GEISTIGES UND GEWERBLICHES EIGENTUM. KNOW-HOW.</h1>
</div><div class="fusion-text fusion-text-2 text"><p><span class="first-big">M</span>arken sind nicht nur ein gewerblicher Rechtsschutz, um Produkte und Dienstleistungen zu kennzeichnen; sie bieten auch viele Möglichkeiten, auf kreative Weise Einkünfte zu erzielen, und vor allem verleihen sie den Produkten, Dienstleistungen und Unternehmen zusätzlichen Wert. Es ist nicht ungewöhnlich, dass der Wert eines Unternehmens nicht das Produkt oder die Dienstleistung selbst ist, sondern die Marke, die es auszeichnet. Unsere Kanzlei richtet besonderes Augenmerk auf die Konzeption von Markenstrategien und auf den Schutz des gewerblichen Eigentums, einschließlich der Beratung bei der Verhandlung und Ausarbeitung von Verträgen im Hinblick auf Marken, Patente, Technologietransfer, Know-how, Softwareentwicklung, E-Commerce, Merchandising, Verwertung von Urheberrechten und Sponsoring.</p>
<p>Von Büchern bis hin zu elektronischen Spielen stellen geistige Schöpfungen den ultimativen Ausdruck der menschlichen Schaffenskraft dar. Sie sind ein sehr starkes immaterielles, aber zugleich auch zerbrechliches Gut aufgrund der Leichtigkeit, mit der Dritte eine Idee kopieren oder sich auf subtile und ungerechte Weise diese aneignen können. Deshalb erfordern geistige Schöpfungen Schutz – sogar vor ihrer Entstehung –, und gleichzeitig, geeignete rechtliche Strukturen zur deren Verwaltung zu schaffen, um einen wirtschaftlichen Ertrag zu erzielen.</p>
<p>Auch das Know-how und Betriebsgeheimnisse stellen immaterielle Vermögenswerte dar, über die Unternehmen häufig verfügen. Obwohl diese oft ihre wichtigsten Werte sind, lassen sie sich nicht immer durch ein Patent, Gebrauchsmuster oder sonstiges Schutzrecht schützen. Aufgrund ihrer Bedeutung können Know-how und Betriebsgeheimnisse Gegenstand von Lizenzen oder anderen wirtschaftlichen Transaktionen sein und sind daher entsprechend zu schützen.</p>
</div></div></div><div class="fusion-layout-column fusion_builder_column fusion-builder-column-1 fusion_builder_column_1_2 1_2 fusion-flex-column" style="--awb-padding-top:0px;--awb-padding-bottom:0px;--awb-bg-size:cover;--awb-width-large:50%;--awb-margin-top-large:0px;--awb-spacing-right-large:3.84%;--awb-margin-bottom-large:0px;--awb-spacing-left-large:3.84%;--awb-width-medium:50%;--awb-spacing-right-medium:3.84%;--awb-spacing-left-medium:3.84%;--awb-width-small:100%;--awb-spacing-right-small:1.92%;--awb-spacing-left-small:1.92%;"><div class="fusion-column-wrapper fusion-column-has-shadow fusion-flex-justify-content-flex-start fusion-content-layout-column"></div></div></div></div>

<!-- This site is optimized with the Yoast SEO plugin v27.1.1 - https://yoast.com/product/yoast-seo-wordpress/ -->
<title>Geistiges Eigentum - Vilá Abogados</title>
<meta name="description" content="Markenstrategien, Rechtemanagement, Merchandising und Lizenzierung, die auf kreative Weise schützen, Mehrwert schaffen und Einnahmen generieren." />
<meta name="robots" content="index, follow, max-snippet:-1, max-image-preview:large, max-video-preview:-1" />
<link rel="canonical" href="https://vila.es/de/beratungsfelder/geistiges-und-gewerbliches-eigentum/" />
<meta property="og:locale" content="de_DE" />
<meta property="og:type" content="article" />
<meta property="og:title" content="Geistiges Eigentum - Vilá Abogados" />
<meta property="og:description" content="Markenstrategien, Rechtemanagement, Merchandising und Lizenzierung, die auf kreative Weise schützen, Mehrwert schaffen und Einnahmen generieren." />
<meta property="og:url" content="https://vila.es/de/beratungsfelder/geistiges-und-gewerbliches-eigentum/" />
<meta property="og:site_name" content="Vilá Abogados" />
<meta property="article:modified_time" content="2020-10-16T05:44:02+00:00" />
<meta name="twitter:card" content="summary_large_image" />
<meta name="twitter:label1" content="Geschätzte Lesezeit" />
	<meta name="twitter:data1" content="5 Minuten" />
<script type="application/ld+json" class="yoast-schema-graph">{"@context":"https://schema.org","@graph":[{"@type":"WebPage","@id":"https://vila.es/de/beratungsfelder/geistiges-und-gewerbliches-eigentum/","url":"https://vila.es/de/beratungsfelder/geistiges-und-gewerbliches-eigentum/","name":"Geistiges Eigentum - Vilá Abogados","isPartOf":{"@id":"https://vila.es/en/#website"},"datePublished":"2020-07-21T09:30:15+00:00","dateModified":"2020-10-16T05:44:02+00:00","description":"Markenstrategien, Rechtemanagement, Merchandising und Lizenzierung, die auf kreative Weise schützen, Mehrwert schaffen und Einnahmen generieren.","breadcrumb":{"@id":"https://vila.es/de/beratungsfelder/geistiges-und-gewerbliches-eigentum/#breadcrumb"},"inLanguage":"de","potentialAction":[{"@type":"ReadAction","target":["https://vila.es/de/beratungsfelder/geistiges-und-gewerbliches-eigentum/"]}]},{"@type":"BreadcrumbList","@id":"https://vila.es/de/beratungsfelder/geistiges-und-gewerbliches-eigentum/#breadcrumb","itemListElement":[{"@type":"ListItem","position":1,"name":"Portada","item":"https://vila.es/de/"},{"@type":"ListItem","position":2,"name":"Beratungsfelder","item":"https://vila.es/de/beratungsfelder/"},{"@type":"ListItem","position":3,"name":"Geistiges und gewerbliches eigentum"}]},{"@type":"WebSite","@id":"https://vila.es/en/#website","url":"https://vila.es/en/","name":"Vilá Abogados","description":"Damos soporte jurídico a proyectos e iniciativas de negocio de empresas y de emprendedores extranjeros y nacionales","potentialAction":[{"@type":"SearchAction","target":{"@type":"EntryPoint","urlTemplate":"https://vila.es/en/?s={search_term_string}"},"query-input":{"@type":"PropertyValueSpecification","valueRequired":true,"valueName":"search_term_string"}}],"inLanguage":"de"}]}</script>
<!-- / Yoast SEO plugin. -->

Geistiges Eigentum - Vilá Abogados

Markenstrategien, Rechtemanagement, Merchandising und Lizenzierung, die auf kreative Weise schützen, Mehrwert schaffen und Einnahmen generieren.

Vilá Abogados

Damos soporte jurídico a proyectos e iniciativas de negocio de empresas y de emprendedores extranjeros y nacionales
